{"id":980,"date":"2014-01-08T08:06:03","date_gmt":"2014-01-08T07:06:03","guid":{"rendered":"http:\/\/www.reservisten-fellbach.de\/?page_id=980"},"modified":"2014-11-19T13:29:26","modified_gmt":"2014-11-19T12:29:26","slug":"2014-2","status":"publish","type":"page","link":"http:\/\/www.reservisten-fellbach.de\/?page_id=980","title":{"rendered":"2014"},"content":{"rendered":"<p><strong>Vorschie\u00dfen zum 16. Vereins &#8211; Pokal &#8211; Schie\u00dfen<\/strong><\/p>\n<p><img class=\"ngg_displayed_gallery mceItem\" src=\"http:\/\/www.reservisten-fellbach.de\/index.php\/nextgen-attach_to_post\/preview\/id--993\" alt=\"\" \/><\/p>\n<p><strong>16. Vereins &#8211; Pokal &#8211; Schie\u00dfen 01\/2014<\/strong><\/p>\n<p><img class=\"ngg_displayed_gallery mceItem\" src=\"http:\/\/www.reservisten-fellbach.de\/index.php\/nextgen-attach_to_post\/preview\/id--1051\" alt=\"\" \/><\/p>\n<p><strong>Jahresfeier 01\/2014\u00a0<\/strong><\/p>\n<p><img class=\"ngg_displayed_gallery mceItem\" src=\"http:\/\/www.reservisten-fellbach.de\/index.php\/nextgen-attach_to_post\/preview\/id--1128\" alt=\"\" \/><\/p>\n<p><strong>\u00a0Gartenputz&#8216; 3\/2014<\/strong><\/p>\n<p><img class=\"ngg_displayed_gallery mceItem\" src=\"http:\/\/www.reservisten-fellbach.de\/index.php\/nextgen-attach_to_post\/preview\/id--1158\" alt=\"\" \/><\/p>\n<p><strong>AGSHP in Ulm\u00a03\/2014<\/strong><\/p>\n<p><img class=\"ngg_displayed_gallery mceItem\" src=\"http:\/\/www.reservisten-fellbach.de\/index.php\/nextgen-attach_to_post\/preview\/id--1197\" alt=\"\" \/><\/p>\n<p><strong>Im Bernet &#8211;\u00a0Schie\u00dfen 04\/2014<\/strong><\/p>\n<p><strong><img class=\"ngg_displayed_gallery mceItem\" src=\"http:\/\/www.reservisten-fellbach.de\/index.php\/nextgen-attach_to_post\/preview\/id--1257\" alt=\"\" \/><\/strong><\/p>\n<p><strong>Fahnenweihe der Feuerwehr Pleidelsheim 04\/2014<\/strong><\/p>\n<p><strong><img class=\"ngg_displayed_gallery mceItem\" src=\"http:\/\/www.reservisten-fellbach.de\/index.php\/nextgen-attach_to_post\/preview\/id--1324\" alt=\"\" \/><\/strong><\/p>\n<p><strong>Leistungsmarsch + DSA 05\/2014 I<\/strong><\/p>\n<p><img class=\"ngg_displayed_gallery mceItem\" src=\"http:\/\/www.reservisten-fellbach.de\/index.php\/nextgen-attach_to_post\/preview\/id--1325\" alt=\"\" \/><\/p>\n<p><strong>Leistungsmarsch + DSA 05\/2014 II<\/strong><\/p>\n<p><strong><img class=\"ngg_displayed_gallery mceItem\" src=\"http:\/\/www.reservisten-fellbach.de\/index.php\/nextgen-attach_to_post\/preview\/id--1708\" alt=\"\" \/><\/strong><\/p>\n<p><strong>\u00a0Sommergrillfest 07\/2014<\/strong><\/p>\n<p><strong><img class=\"ngg_displayed_gallery mceItem\" src=\"http:\/\/www.reservisten-fellbach.de\/index.php\/nextgen-attach_to_post\/preview\/id--1710\" alt=\"\" \/><\/strong><\/p>\n<p><strong>Eichenlaub-Biathlon 2014<\/strong><\/p>\n<p><img class=\"ngg_displayed_gallery mceItem\" src=\"http:\/\/www.reservisten-fellbach.de\/index.php\/nextgen-attach_to_post\/preview\/id--1712\" alt=\"\" \/><\/p>\n<p><strong>Fellbacher Herbst 2014 &#8211; <\/strong><br \/>\n<strong>Kranzniederlegung mit OB und Ehreng\u00e4ste der Partnerst\u00e4dte<\/strong><\/p>\n<p><img class=\"ngg_displayed_gallery mceItem\" src=\"http:\/\/www.reservisten-fellbach.de\/index.php\/nextgen-attach_to_post\/preview\/id--1764\" alt=\"\" \/><\/p>\n<p><strong>Alpini Gedenkfeier 2014<\/strong><\/p>\n<p><img class=\"ngg_displayed_gallery mceItem\" src=\"http:\/\/www.reservisten-fellbach.de\/index.php\/nextgen-attach_to_post\/preview\/id--1811\" alt=\"\" \/><br \/>\n<strong>Volkstrauertag in Oeffingen 11\/2014<\/strong><\/p>\n<p><img class=\"ngg_displayed_gallery mceItem\" src=\"http:\/\/www.reservisten-fellbach.de\/index.php\/nextgen-attach_to_post\/preview\/id--1812\" alt=\"\" \/><\/p>\n<p>&nbsp;<\/p>\n<p>&nbsp;<\/p>\n","protected":false},"excerpt":{"rendered":"<p>Vorschie\u00dfen zum 16. Vereins &#8211; Pokal &#8211; Schie\u00dfen 16. Vereins &#8211; Pokal &#8211; Schie\u00dfen 01\/2014 Jahresfeier 01\/2014\u00a0 \u00a0Gartenputz&#8216; 3\/2014 AGSHP in Ulm\u00a03\/2014 Im Bernet &#8211;\u00a0Schie\u00dfen 04\/2014 Fahnenweihe der Feuerwehr Pleidelsheim 04\/2014 Leistungsmarsch + DSA 05\/2014 I Leistungsmarsch + DSA 05\/2014 II \u00a0Sommergrillfest 07\/2014 Eichenlaub-Biathlon 2014 Fellbacher Herbst 2014 &#8211; Kranzniederlegung mit OB und Ehreng\u00e4ste der [&hellip;]<\/p>\n","protected":false},"author":31,"featured_media":0,"parent":173,"menu_order":0,"comment_status":"closed","ping_status":"closed","template":"template-fullwidth.php","meta":[],"_links":{"self":[{"href":"http:\/\/www.reservisten-fellbach.de\/index.php?rest_route=\/wp\/v2\/pages\/980"}],"collection":[{"href":"http:\/\/www.reservisten-fellbach.de\/index.php?rest_route=\/wp\/v2\/pages"}],"about":[{"href":"http:\/\/www.reservisten-fellbach.de\/index.php?rest_route=\/wp\/v2\/types\/page"}],"author":[{"embeddable":true,"href":"http:\/\/www.reservisten-fellbach.de\/index.php?rest_route=\/wp\/v2\/users\/31"}],"replies":[{"embeddable":true,"href":"http:\/\/www.reservisten-fellbach.de\/index.php?rest_route=%2Fwp%2Fv2%2Fcomments&post=980"}],"version-history":[{"count":21,"href":"http:\/\/www.reservisten-fellbach.de\/index.php?rest_route=\/wp\/v2\/pages\/980\/revisions"}],"predecessor-version":[{"id":1813,"href":"http:\/\/www.reservisten-fellbach.de\/index.php?rest_route=\/wp\/v2\/pages\/980\/revisions\/1813"}],"up":[{"embeddable":true,"href":"http:\/\/www.reservisten-fellbach.de\/index.php?rest_route=\/wp\/v2\/pages\/173"}],"wp:attachment":[{"href":"http:\/\/www.reservisten-fellbach.de\/index.php?rest_route=%2Fwp%2Fv2%2Fmedia&parent=980"}],"curies":[{"name":"wp","href":"https:\/\/api.w.org\/{rel}","templated":true}]}}